 common factor of 176 and m.
44
Let h = 465 - 452. Calculate the greatest common divisor of h and 26.
13
Let g = 180 + -73. Suppose -2*i + 40 = -p, -p = 5*i - 0*p - g. Let f(a) = 18*a**3 + a**2 - 2*a + 3. Let q be f(2). What is the highest common factor of i and q?
21
Suppose -6*b = -14 + 2. Suppose -l - 10 = -b*l. What is the highest common factor of l and 70?
10
Suppose 6 = 3*u, 12 + 23 = 5*z - 5*u. What is the greatest common factor of z and 9?
9
Suppose 4*z - 5*s + 175 = 25, 2*s = 4. Let l be (-2)/(5*(-2)/z). Let w = l + 18. What is the greatest common factor of w and 99?
11
Let q = 624 - 610. What is the greatest common divisor of q and 2?
2
Let u = -118 - -118. Suppose u = -p + 16 + 2. Calculate the highest common divisor of p and 72.
18
Let p = 55 - 52. Let w = -14 + 5. Let f be 3/w*-9*1. What is the highest common factor of f and p?
3
Let s be 160/16*(-1 + 3)/1. Let p(q) = 23*q - 1. Let x be p(7). What is the highest common divisor of s and x?
20
Let d(u) = -u**2 - 16*u - 52. Let j be d(-11). Calculate the highest common divisor of j and 204.
3
Suppose 6*v + 42 = 8*v - l, 78 = 4*v - 5*l. Suppose -4*h = h - 10. Let s be 33 - (0/h + 0). Calculate the greatest common factor of s and v.
11
Let h = 33 + 21. Suppose 2*r + h = -186. Let b be 1/2*r/(-4). Calculate the highest common divisor of b and 75.
15
Let h(s) be the first derivative of -s**3/3 + 7*s**2 - 3*s + 47. Let f(w) = 4*w. Let v be f(3). Let r be h(v). What is the highest common divisor of r and 147?
21
Let k(z) = -3*z + 10. Let g(s) = -s**2 + 18*s. Let q be g(18). Let y be k(q). Calculate the highest common factor of y and 4.
2
Let q(u) = -u - 2. Let i be q(-3). Suppose -o = -4 - i. Let f be (-147)/(-28) + (-2)/8. What is the greatest common factor of f and o?
5
Let r(n) = n**3 - 3*n**2 - 50*n + 282. Let y be r(5). Calculate the highest common divisor of y and 287.
41
Let p(j) = j**2 + 11*j + 12. Let l be p(-10). Suppose -l*u + 263 = -31. Calculate the highest common factor of 21 and u.
21
Let p be 1*-3 + (-3 - -14). Suppose p = 3*a - 16. Let s = -2 + a. Calculate the highest common divisor of s and 2.
2
Let t be (4/2)/(-6)*(-363)/11. Calculate the greatest common divisor of 11 and t.
11
Let w(z) = z**3 + 2*z**2 - 5*z - 3. Let v be w(2). Suppose 5*p = v*r + 2*r + 155, r - 125 = -5*p. What is the highest common factor of p and 52?
26
Suppose -2*z + j + 950 = 0, 18*z + 5*j + 1411 = 21*z. Calculate the highest common divisor of z and 27.
9
Let n = -141 - -156. Calculate the highest common divisor of 960 and n.
15
Let p be 3976/3 + (-11)/33 - 2. Let a = -918 + p. What is the greatest common divisor of a and 45?
45
Suppose 0 = -2*d - 5*r + 5, 6 = -2*r - 4. Let j be (-4 + (-24)/(-10))*d. Let p = 36 + j. What is the greatest common divisor of p and 48?
12
Let t = 145 + -68. Suppose 1 = 3*d - t. Let f be d - (-4 + (2 - 0)). Calculate the greatest common divisor of 42 and f.
14
Suppose -2*z - 5*s + 7 = -3*z, 2*s - 10 = -2*z. Let d be 11*z + 6 + -1 + -2. Calculate the highest common divisor of 72 and d.
36
Let z(x) = -5*x**3 - 10*x**2 - 9*x - 20. Let s be z(-5). Calculate the highest common factor of 25 and s.
25
Let k be 1/(1 + 2)*(-10842)/(-26). Suppose 6*s = -5*b + 3*s + 334, -2*b = 3*s - k. Calculate the greatest common factor of 26 and b.
13
Let r(q) = -q + 1. Let w(p) = 8*p - 2. Let y(a) = 6*r(a) + 3*w(a). Let m be y(1). Let u be m/27 + (-85)/(-3). Calculate the highest common divisor of u and 319.
29
Let t(k) = -k**3 + 8*k**2 + 5*k. Let a be t(8). Suppose -8*u + 267 - 139 = 0. Calculate the highest common factor of u and a.
8
Let l be (-1)/6*2 - (-184)/(-24). Let r(b) = 2*b + 43. Let p be r(l). Calculate the greatest common factor of 9 and p.
9
Let n = 163 + -128. What is the greatest common divisor of 28 and n?
7
Suppose 113*c = 108*c - 25. Let s(a) = 2*a + 22. Let i be s(c). Calculate the highest common factor of i and 84.
12
Let x = -533 + 1009. What is the highest common factor of x and 136?
68
Suppose 340*d = 294*d + 11776. Let c be (4/5)/((-1)/(-20)). Calculate the highest common factor of c and d.
16
Let r(w) be the first derivative of w**3/3 - 7*w**2/2 + 5*w + 13. Let i be r(6). Let b be (-3)/(-3 + 3 + i). Calculate the highest common factor of 24 and b.
3
Let z = 21 - -1. Let j = 56 - z. Let g(o) = -o**3 + 16*o**2 - 25*o - 8. Let f be g(14). Calculate the highest common divisor of f and j.
34
Let t(r) = 39*r + 300. Let n be t(-6). What is the greatest common factor of n and 1342?
22
Let x be (-4)/12 + 7/3. Suppose 4*q - x*m - 479 = -m, 0 = -2*q + 4*m + 222. Calculate the greatest common factor of 11 and q.
11
Let h(d) = -7*d + 125. Let y be h(8). Calculate the greatest common factor of y and 1932.
69
Suppose 3*c + 15 = 3*a - 3, -4*c = 12. Suppose 3 = a*u - 3. Suppose -102 = -2*h - u. What is the highest common divisor of h and 10?
10
Suppose -2*c = -5*g - 23, 5*c + 0*c - g = 0. Let v be (c - (-177)/9) + (-12)/18. Calculate the highest common factor of 6 and v.
6
Suppose 4*o - 48 = 72. Let m be (0 - -4)/(1 - 2). Let j be (-38)/(-4) - 2/m. What is the highest common factor of j and o?
10
Let c = -5 + 8. Suppose 7 = -2*n + 13. Let x be (-2)/c + 8/n. What is the greatest common factor of x and 1?
1
Let f = -1 + 20. Let p = 335 - 202. What is the greatest common divisor of p and f?
19
Suppose -4*y = 5*a - 525, 5*y - 3*y - 230 = 4*a. What is the highest common factor of y and 5?
5
Let k(b) = -19*b - 152. Let j be k(-9). Calculate the greatest common divisor of j and 2489.
19
Suppose 2*a - 6 = 0, s = -0*s - 3*a + 39. Let d = 52 - 40. What is the highest common divisor of s and d?
6
Let d = -1506 + 1524. Let q = 460 - 226. What is the highest common divisor of q and d?
18
Suppose -3*z - 12 + 148 = -2*a, -4*a = 2*z - 64. What is the highest common divisor of 147 and z?
21
Suppose 3*s - 56 = -8. Let n be 2*s*3/6. Calculate the greatest common factor of 48 and n.
16
Suppose 0 = 5*v + 4*h - 0*h + 47, -v = -2*h + 15. Let w(g) = -18*g. Let o be w(v). Calculate the highest common divisor of o and 18.
18
Let i(v) = 64*v + 36. Let m be i(9). Calculate the highest common factor of 68 and m.
68
Let s be 133 + 0 + 127 + -128. Let u be (2 - (-25 - 2)) + -2. Suppose -4*k + 3*f = -2*k - u, 5*k + f = 59. Calculate the highest common divisor of s and k.
12
Let w = -948 - -968. Suppose 3*z - 61 = 2*u, -3*u = 2*u + 3*z + 100. Let i be u/(-3) - 1/(-3). What is the greatest common factor of w and i?
4
Let a(u) = u**2 + u + 9. Suppose 0 = -3*l - 22 + 10. Let h be a(l). Calculate the greatest common divisor of h and 84.
21
Let l be (24 + -12 - 10)*4. What is the greatest common factor of 2112 and l?
8
Suppose 0*p - 13 = -3*p + 5*k, 11 = 2*p - k. Calculate the highest common divisor of 546 and p.
6
Let g = 50 - -1. Suppose 5*y - 25 = 3*a, 5*y - 4*a = -9*a - 15. Let o be (y + -1)/(5/85). What is the greatest common divisor of o and g?
17
Let d = -899 - -1070. Calculate the highest common factor of 228 and d.
57
Let y = 26 - 26. Suppose 6 + y = -w. Let c be (w/8)/((-1)/48). What is the highest common divisor of 24 and c?
12
Suppose 3*a - 3*f = 48, 0*f - 12 = -a + 2*f. Suppose 2*b + k - 24 = a, -68 = -3*b - 2*k. What is the highest common divisor of 25 and b?
5
Let b(p) = 4*p**2 + 60. Let v be b(-6). Calculate the highest common factor of v and 68.
68
Let x = 4 - -14. Suppose s = j + 6, -5*s - 4*j + 23 = 29. Let o = x + s. What is the greatest common divisor of 8 and o?
4
Let a be 3/(21/(-30) - -1). Suppose -8*z + a = -3*z. Suppose -z*h = -9*h + 70. What is the highest common factor of h and 40?
10
Let i = 487 - 262. Suppose 0 = -5*k - 5*y + 20, 8 = 3*k + 3*y + 2*y. Suppose -9*q = -k*q - i. Calculate the greatest common factor of 30 and q.
15
Suppose f + 4760 = 21*f. Calculate the highest common divisor of 14 and f.
14
Let o = 146 - 141. Suppose 25 = o*h, 0 = 5*p - 7*h + 3*h - 70. What is the greatest common factor of 9 and p?
9
Let c be 95/(-85) - (-2)/17. Let g be ((-447)/(-9) - c)*3. What is the highest common factor of 19 and g?
19
Suppose -3*k - 4*h - 4 = -19, 0 = 3*k - 4*h - 15. Suppose -4*w - 181 = -3*y, -k*y - w + 3*w + 311 = 0. What is the highest common divisor of 7 and y?
7
Let u(n) = -14*n - 7. Let j be u(1). Let y = 21 - 57. Let w = j - y. What is the highest common factor of w and 15?
15
L